is divided by 28?
23
Suppose 2*w = -9 + 17. Suppose w*u - 46 = 6. What is the remainder when (-462)/(-15)*(9 + 2 + -6) is divided by u?
11
Let g = 3675 + -2852. What is the remainder when g is divided by 89?
22
Suppose u = 17700 - 17687. Calculate the remainder when 660 is divided by u.
10
Let a be 12/7*(-945)/(-54). Let v = 39 - a. What is the remainder when v is divided by 3?
0
Suppose 0 = t - 35 + 14. Let s = -2746 + 2829. Calculate the remainder when s is divided by t.
20
What is the remainder when (-54636)/(-198) + 12/198 is divided by 17?
4
Let p = -10489 - -11501. Calculate the remainder when p is divided by 255.
247
Suppose f + 1 = 0, -3*f = 2*w - 5*w + 144. Let h(v) = 59*v - 224. Let k be h(2). Let b = k - -123. What is the remainder when w is divided by b?
13
Suppose -2*v - 1882 = -7*v - 3*x, 4*x - 16 = 0. Suppose -9*f + 5*p + v = -7*f, 2*p + 550 = 3*f. What is the remainder when f is divided by 6?
2
Suppose 14*t - 443 = 523. Let v = -3 + 6. Suppose v*k = -w + 13, 6 = 5*w + 5*k - 79. What is the remainder when t is divided by w?
12
Let h(f) = f**2 + 12*f + 62. Let t be h(-8). Suppose 10*j + t - 450 = 0. What is the remainder when j is divided by 0 + 0 - 1*-13?
3
Let o = -28069 - -30328. Calculate the remainder when o is divided by 2257.
2
Let y(v) be the first derivative of v**3/3 - 21*v**2/2 + 48*v + 8. Suppose 0 = -3*t + 6 + 54. What is the remainder when 193 is divided by y(t)?
25
Suppose -212*y + 34293 = -6835. What is the remainder when 580 is divided by y?
192
Suppose -489 = -v + 5*r, -486 = -27*v + 26*v + 4*r. Let d = -454 + v. What is the remainder when 218 is divided by d?
18
Suppose -7*w + 4318 = -6784. Suppose -w + 251 = -5*t. Calculate the remainder when t is divided by 91.
85
Calculate the remainder when 1583 is divided by (24/21)/((-13)/(-182)).
15
What is the remainder when 15/(-345)*-529 + 38 + 7 is divided by 64/3 + 2/(-6)?
5
Let l = -100 - -213. Let p(f) = f**3 + 11*f**2 - 33*f - 392. Calculate the remainder when l is divided by p(-9).
46
Let v(w) = -199*w + 34 + w**2 - 9 + 186*w. Calculate the remainder when 12 is divided by v(11).
0
Let g(h) = 2*h**3 + 27*h**2 - 12*h + 45. Suppose x = -5*x + 60. Suppose 0 = -x*s + 92 + 18. What is the remainder when g(-14) is divided by s?
6
Suppose 5*s = 2*s + 132. Suppose -g - 2*l = -59 + 12, -g - 5*l = -s. Let y = 9 - -17. Calculate the remainder when g is divided by y.
23
Calculate the remainder when 681 is divided by ((-11)/(-7))/(38/798).
21
Let l = 21923 + -21232. Calculate the remainder when l is divided by 188.
127
Let g = 214 - 211. Let u(t) = t**3 - 8*t**2 - 13*t + 22. Let q be u(9). Let w = q - -22. What is the remainder when w is divided by g?
2
Let f(s) be the third derivative of -3*s**4/8 - 38*s**3/3 + 11*s**2. What is the remainder when f(-15) is divided by 7?
3
Suppose -5*c = 5*g - 185, -c - 8 = 2*g - 79. What is the remainder when 472 is divided by g?
30
Let u = 237 - 11. Suppose -4*r = -2*w - u, -2*w = 2*r - 5*w - 123. What is the remainder when r is divided by 29?
25
Let r(w) = -101*w - 953. Calculate the remainder when r(-15) is divided by 192.
178
Let i = -217 - -235. Let d = i + 85. Calculate the remainder when d is divided by 13.
12
Suppose 81*r = 111*r - 420. Let y be 6/2 + 1 + -1. Suppose m = y*h - 9 - 78, 0 = 3*h - 3*m - 87. Calculate the remainder when h is divided by r.
1
Let l(d) = 90*d - 130. Calculate the remainder when 138 is divided by l(2).
38
Suppose 0 = 2*w - 108 - 54. Suppose 0 = 4*x - q - w, -4*x + 5*q = q - 96. Let k = 51 + -44. What is the remainder when x is divided by k?
5
Let b = 70 - 42. Let d = 2534 + -931. Let x = -1466 + d. Calculate the remainder when x is divided by b.
25
Let x = 698 + -991. Let q = x - -309. Calculate the remainder when 383 is divided by q.
15
Suppose 130*s - 2314 = 41*s. Calculate the remainder when 50 is divided by s.
24
Suppose 0 = 7*b - 10*b - 15, 65 = 5*s - b. Let i(v) = 3*v - 2*v + 3*v - 41. Calculate the remainder when 9 is divided by i(s).
2
Let r(a) = -17*a - 230. What is the remainder when 237 is divided by r(-17)?
1
Suppose -4*o + 1172 = -3*r - 650, 2*r - 450 = -o. Calculate the remainder when o is divided by 66.
58
Suppose -z + 3*x = -15, 34*x - 225 = -10*z + 39*x. Calculate the remainder when 503 is divided by z.
23
Calculate the remainder when (-15)/(-9) - (144/(-27) - 1) is divided by 4.
0
Let b(p) = 5*p**2 + p + 6. Let u(k) = 561*k - 38094. Calculate the remainder when b(6) is divided by u(68).
30
Calculate the remainder when 1305 is divided by 58/3 + -3 + 9*(-26)/(-351).
13
Let r be ((-10)/4 + 4)*(-4 + 2). Let w = 37 + -26. Calculate the remainder when w is divided by (15/6)/(r/(-6)).
1
Let y(q) = -1 + q**2 - 8*q - 2*q**2 + 0*q**2. Let x be y(-11). Calculate the remainder when 61 is divided by 3 - 7 - x/2.
9
Suppose -t - r + 2 = 4, -10 = -3*t + r. Suppose 4*b - 84 = -t*d, 2*d + 22 - 6 = b. What is the remainder when (-9)/(-18 - -9)*(59 + 0) is divided by b?
19
Let b = -60 - -83. Suppose 5*c - 3*z - 1122 = 0, 22*z = -4*c + 21*z + 918. Calculate the remainder when c is divided by b.
21
Let l(x) = -28*x - 1926. What is the remainder when ((-74)/(-6))/(1/3) is divided by l(-69)?
1
Suppose 0 = 22*k + 16*k + 15048. Let w = k + 410. What is the remainder when w is divided by 2/((-3)/12*-2)?
2
Let l be (1 - 6)*(-3626)/49. Let h = l - 200. Calculate the remainder when h is divided by 30.
20
Suppose 71*f - 34*f = 35*f + 5492. What is the remainder when f is divided by 197?
185
What is the remainder when 906 is divided by (10/(-45) - (-28)/45)/((-18)/(-8145))?
1
Let a(l) = 254*l + 7. Let u be a(2). Suppose u = 6*m - m. Suppose 0 = -5*p + 2*g - 0*g + 128, -g - m = -4*p. Calculate the remainder when 49 is divided by p.
23
Calculate the remainder when (253 - -6) + 5 - (23 - 12) is divided by (-100)/(-2) - (1 - 2).
49
Suppose 1361 = 179*q - 46 - 25. Let w(l) = -3*l - 6. Let r be w(-6). Suppose 2 = -5*s + r. Calculate the remainder when q is divided by s.
0
Calculate the remainder when 1546 is divided by (7 + (-500)/75)*(518*1 - 2).
170
Let o(c) = 3*c**2 + 4*c + 29. Let w be o(9). Suppose 5*y - 3*m + m = 312, -5*y - 2*m = -w. Calculate the remainder when y is divided by 34.
28
Let t(k) = 11*k + 95. Let a be t(-5). Suppose a = -5*n + 115. Let d(x) = -4*x - 4. Calculate the remainder when n is divided by d(-3).
7
Let v = 420 - 402. Calculate the remainder when ((-7)/(-14) + 6)/(1/v) is divided by 59.
58
Suppose 0 = -3*d + 1734 + 9192. What is the remainder when d is divided by 1214?
0
Let b(n) be the third derivative of -n**5/60 + 23*n**4/24 - 13*n**3/6 + 57*n**2. What is the remainder when 33 is divided by b(22)?
6
Suppose -36*d + 420 = -31*d + 5*u, -2*d + u + 153 = 0. What is the remainder when 733 is divided by d?
22
Let h = -5 - -10. Suppose 4*w - 5*f = 9 - 2, -4*w = -4*f - 8. Suppose w*z - 403 = h*m + 186, -z - m = -183. Calculate the remainder when z is divided by 48.
44
Let u(s) = -5*s**3 + 2*s**2 + 5*s + 6. What is the remainder when u(-4) is divided by 3/4*158/237 + (-6669)/(-78)?
80
Suppose 2*g - 5 + 9 = 0. Let n(i) = -10*i + 6. Let m(z) = 94*z**2 + 4*z - 1. What is the remainder when m(1) is divided by n(g)?
19
Let z(g) = 102*g**2 + 11*g + 25. Let m be z(-3). Suppose m = -6*p + 13*p. Calculate the remainder when p is divided by 34.
28
Suppose 56*s + 4*s = 5*s + 550. Let k = -72 - -131. Calculate the remainder when k is divided by s.
9
What is the remainder when 233 is divided by (9/(-15)*(-90)/(-81))/1*-21?
9
Suppose 0 = 77*o - 43790 - 111567 + 35930. Calculate the remainder when o is divided by 68.
55
Let m = 2916 + -695. What is the remainder when m is divided by 39?
37
Suppose 5*w - 125 = -5*j, w - 5*w + 16 = 0. Let h(g) = 73*g - 1 - g**2 - 27*g - j*g - 16*g. Calculate the remainder when h(7) is divided by 5.
3
Let f = 16993 + -16960. Suppose 0 = 5*a + 2*u - u - 38, 2*a + 2*u = 20. Calculate the remainder when f is divided by a.
5
Let l(j) = -j**2 - 23*j + 121. Suppose -41*z = -51*z - 200. What is the remainder when l(z) is divided by 88?
5
Suppose 4*b - 594 = -c, -54*b = -50*b + 2*c - 592. Calculate the remainder when b is divided by 122.
27
Let n(p) = 2*p + 509. What is the remainder when n(-9) is divided by 64?
43
Let u = 7714 - 7701. What is the remainder when 9735 is divided by u?
11
Let j(t